Let l(z) = 2*z**2 - z - 4. Let f be l(4). Suppose 0 = 3*t + 4*y - 25, -f = t - 4*t - 3*y. Let b = -5 + t. What is the units digit of b?
2
Suppose -3*x - 2*x = -r - 3, -x = -3*r + 5. Suppose -2*g + 2*d + 54 = 0, -2*d = -r*g + 4*g - 50. What is the tens digit of g?
2
Suppose 2 = f - 36. Let g = f + -23. What is the units digit of g?
5
Let d(i) = -i**3 - 8*i**2 + 5*i - 16. What is the units digit of d(-9)?
0
Suppose -5*w + 3*y - 61 = 4*y, 4*w = y - 56. Let r(i) = -2*i - 14. What is the units digit of r(w)?
2
What is the units digit of ((-1 + 3)/10)/(1/5)?
1
Let r be (4 - 0)/(12/(-30)). Let y = r - -35. What is the units digit of y?
5
Suppose -4 + 24 = 2*u. Suppose -r + 6*r = u. Suppose -33 - 9 = -3*g - 3*o, 5*g = r*o + 49. What is the units digit of g?
1
Suppose 2*h - 4*h = -2*s - 88, 0 = 2*s - h + 84. Let r = -22 - s. What is the tens digit of r?
1
Suppose 6*t - 2*t - 412 = 0. Suppose -4*s + t = 39. What is the tens digit of s?
1
Suppose 4*k = -25 + 5. Let g(s) = -s**2 - 6*s - 2. Let j be g(k). What is the units digit of (j/(-6))/((-2)/44)?
1
Let w = 4 - 6. What is the units digit of (-68)/(-5) - w/5?
4
Suppose 3*o + o = 16. Let y be (-4 - 1)*(-8)/10. Suppose -y*p + 8 = -o. What is the units digit of p?
3
Let f = -19 - -34. Let s = 25 - f. What is the tens digit of s?
1
Suppose -2*z = -7*z. Suppose -3*b = -z - 6. Suppose -b*a - 6 = -l - 1, -4*l + 4*a + 16 = 0. What is the units digit of l?
3
Suppose 5*u = -2*j + 8, -2*u + 3*u + 29 = 3*j. What is the units digit of j?
9
Let f(v) = -v. Let a be f(-4). Suppose 3*q - 7 = -k + 9, -a*q + 12 = -k. Suppose -u + 75 = q*u. What is the units digit of u?
5
Suppose -g - 10 = -11*g. What is the units digit of g?
1
Let l(z) = -z**3 - 9*z**2 + 9*z + 24. What is the units digit of l(-10)?
4
Let l(r) = -2*r + 7. Let c = -5 + -1. What is the units digit of l(c)?
9
Let y be (-3)/((-1)/10*2). Suppose 9*j = 4*j + y. What is the units digit of j?
3
Let r(g) = g**2 + 8*g - 7. Let p = -30 - -21. What is the units digit of r(p)?
2
Let x(k) = k + 6. Let o be x(0). Let m = o - 4. What is the units digit of m?
2
Let m = -3 - -2. Let p be 5 + (0 - (0 - m)). Suppose 4*r = -p*f + 28, -r - 4*r = 2*f - 50. What is the units digit of r?
2
Let j(a) = -a**2 - 7*a - 7. Let m be j(-5). Suppose 0 = 5*z + 5*x - 60, 3*x + 38 + 10 = 4*z. Suppose -m*h + z = h. What is the units digit of h?
3
Let r(u) = 5*u + 16. What is the tens digit of r(0)?
1
Let a(t) = -5 - 4*t - 1 - 2 + 2. What is the units digit of a(-9)?
0
Let a(b) = b**3 - 11*b**2 + 4. Let d be a(11). Let i = d + -1. Suppose 4*u + 8 = 5*y, -4*y + 13 = i*u - 4*u. What is the units digit of y?
4
Suppose -k - 20 = -5*k. Suppose -5 = -5*j, 142 = 5*x + 2*j - k*j. Suppose x = -5*q + 4, -4*q - 53 = -3*o. What is the units digit of o?
1
Let n = 185 - 118. What is the units digit of n?
7
Let a = 25 - 18. Suppose 3*h - 56 = a. What is the units digit of h?
1
Suppose -5*h - 21 = 2*p, 4*h = p + 3*p. Suppose -1 = -z - 22. What is the units digit of z/h - 0/(-2)?
7
Let x be (-5)/(-3) - 3/(-9). Let b(l) = l**3 + 0*l**3 - l**x + 0*l**3 + l. What is the units digit of b(1)?
1
Let k(h) = h + 4 + 2 + 0*h. What is the units digit of k(0)?
6
Let y(t) = -2*t**3 - 3*t**2 - 3*t - 2. Let n be y(-2). Let q be (-3)/12 - 13/(-4). Suppose q*o - 3*x = 36, n*x + 15 = 3*x. What is the units digit of o?
9
Let w be (0/6)/(-2*1). Suppose w = 4*k - 3*k - 17. What is the units digit of k?
7
Let t = 9 - 9. Suppose -5*f - j = t, 3*f + 2*j = 2*f. Let g = f + 12. What is the tens digit of g?
1
Let y(g) = g**3 + 3*g**3 - 4*g**2 + 4*g - 2*g**3 - 2. Let z be y(2). What is the units digit of 4 + 2 + z/(-3)?
4
Let o(l) = -38*l - 17. What is the units digit of o(-4)?
5
Let a(g) = -46*g**3 + 3*g**2 + g - 1. What is the tens digit of a(-2)?
7
Suppose -6 = 4*l + 14. Let r(x) = -5*x**3 - x**2 - 2. Let t be r(2). What is the units digit of (-1)/5 + t/l?
9
Let g be ((-16)/(-2))/2 + -2. Let x be 0*(-1)/(2/g). Suppose 36 = 4*b - u, 5*b + 6*u - 2*u - 45 = x. What is the units digit of b?
9
Suppose -7 = -4*r + 1. Suppose q + r*q = 72. What is the units digit of q?
4
Let n(d) be the first derivative of d**4/4 - 5*d**3/3 + d**2/2 - 3*d + 2. Let x be n(5). Suppose 7*h - 50 = x*h. What is the tens digit of h?
1
Suppose l = -2*w - 1 + 2, -5*l = -w - 5. Suppose 4*k + 0*k - 4 = w. What is the units digit of k?
1
Let m be (-5 - 4)*(-2)/(-3). What is the units digit of (2/4)/((-1)/m)?
3
Let u(f) = 35*f - 2. What is the units digit of u(2)?
8
Let g(n) = -7*n + 6. Let q be g(6). Let w be (-3)/2*q/27. Suppose -w*i = -5*x + 64, 5*x - 2*i - i - 61 = 0. What is the tens digit of x?
1
Let c = 14 - 12. Suppose 0 = -m - 0*t - t + 22, m - 25 = -c*t. What is the units digit of m?
9
Let s = 8 - 4. Suppose -s = -4*d + 3*d. What is the units digit of d?
4
Let b = -36 + 58. Suppose b = t + 4*m, 2*t + 0*m + 4*m = 48. What is the units digit of t?
6
Let x be 553/5 - (-6)/15. Let v = -77 + x. Suppose 4*n + v = 5*z, 4*z - 3*n = 2*n + 29. What is the units digit of z?
6
Suppose 1196 = 8*s - 4*s. What is the hundreds digit of s?
2
What is the tens digit of 19 - (12/2)/3?
1
Let i be ((-1)/(-1))/((-4)/(-20)). Suppose 5 = 2*g + i*d - 37, 5*g - 105 = 5*d. What is the units digit of g?
1
Let b = -16 - -5. Let i = 21 + b. Suppose f - i = -f. What is the units digit of f?
5
Suppose -5*y + y + 340 = 0. What is the tens digit of y?
8
Let w be 855/6 + 3/(-6). Suppose 0 = 4*y + 2*c - w, 0 = y - 3*c - 19 - 20. What is the tens digit of y?
3
Suppose 2*u + 4 = -0*u - 4*s, -2 = 4*u + 5*s. Let r(n) = -2 + 0 - 3*n + n**3 + n + 0*n**2 + 4*n**u. What is the units digit of r(-4)?
6
Let h = -904 - -1270. What is the hundreds digit of h?
3
Suppose -4*o = -u - 4*u + 83, -2*o = -3*u + 49. Suppose 15 = -g + 7. Let w = u + g. What is the units digit of w?
7
Let t(s) = -s - 1. Let j be t(-1). Suppose z = -3*x - 0*z + 18, -2*x - 5*z + 12 = 0. Suppose j = k - x - 0. What is the units digit of k?
6
Suppose 3*c - 328 = -2*b, -2*b + 456 = 4*c - 4*b. What is the tens digit of c?
1
Let x(s) = s**3 - 3*s**2 - 2*s - 2. Let b be x(4). Let p = 9 - b. What is the units digit of p?
3
Let n = 161 - -130. What is the units digit of n?
1
Let s(n) = n - 8. Let d(w) = -2*w + 16. Let h(f) = -4*d(f) - 7*s(f). What is the units digit of h(13)?
5
Let w(f) = 2*f - 6*f + 0*f - f**2. Let c be w(-3). Suppose 5 = c*o + b, 15 = 5*o - 2*b + 3. What is the units digit of o?
2
Let c be 5/((-5)/2) + 12. Let b = c + 10. Let w = b + -11. What is the units digit of w?
9
Suppose -5*s + 47 = 17. Let c = s + -1. What is the units digit of c?
5
Suppose 4*t = -5*x - t + 635, 0 = x + 4*t - 139. What is the hundreds digit of x?
1
Let k(j) = 25*j. Let c be k(1). Suppose 0 = -6*r + r - c. What is the units digit of (0 - -1)*(-4 - r)?
1
What is the units digit of (100/(-15))/(2/(-3))?
0
Let k = -28 - -43. What is the tens digit of k?
1
Let b(i) = -i**2 - 16*i + 36. What is the units digit of b(-17)?
9
Let y be -1*((-1)/1 - 65). Suppose 4*q = -2*u + y, q + 2*q + 72 = 3*u. What is the tens digit of u?
2
Let u(z) = z**2 + 3*z + 0 - 3*z - z - 7. What is the tens digit of u(-5)?
2
Let m(k) = 6*k**2 - 6*k + 2. Let f be m(5). Let t be 6/24 - f/8. Let v = -4 - t. What is the tens digit of v?
1
Let v = 14 + -10. Suppose j - 1 = v*c + 6, 4*c - 131 = -5*j. What is the units digit of j?
3
Let g(i) be the first derivative of i**3/3 - i + 1. Let n(l) = l - 3. Let k be n(5). What is the units digit of g(k)?
3
What is the tens digit of ((-114)/9)/((-4)/6)?
1
Let i(m) = m**2 - 3*m + 7. What is the tens digit of i(5)?
1
Let r(a) = 2*a**2 - 2*a - 1. Let g be r(2). Let h(f) be the first derivative of f**4/4 - 2*f**3/3 - 3*f**2/2 + 3*f - 1. What is the units digit of h(g)?
3
Suppose 16*a - 330 = 11*a. What is the units digit of a?
6
What is the units digit of (-24 - -23)/(2/(-610))?
5
Suppose 4*a = -4*w - 24, -2*a - 3*w - 8 = -a. Let j = a + 8. Suppose -j*b + s + 11 = -1, b + 2*s = 11. What is the units digit of b?
5
Let o = 3 - 4. Let t = -3 - o. What is the units digit of (-3)/(-2 - 1/t)?
2
Let l(p) = -p**2 + p + 9. Let m be l(0). Suppose 2*w + m = 5*w. Suppose -a - w + 7 = 0. What is the units digit of a?
4
Let t(l) = -2*l + 18. Suppose -4*w - 4*z = -3*w, 4*w = -4*z. What is the units digit of t(w)?
8
Let s(t) = t + 7. What is the units digit of s(-